{"id":5210,"date":"2026-02-25T08:57:32","date_gmt":"2026-02-25T11:57:32","guid":{"rendered":"https:\/\/wheeltravel.com.ar\/?post_type=job_listing&#038;p=5210"},"modified":"2026-02-25T08:57:32","modified_gmt":"2026-02-25T11:57:32","slug":"maceio-invierno","status":"publish","type":"job_listing","link":"https:\/\/wheeltravel.com.ar\/index.php\/trabajo\/maceio-invierno\/","title":{"rendered":"MACEI\u00d3 INVIERNO"},"content":{"rendered":"<p>MACEI\u00d3 \u2013 VACACIONES DE INVIERNO (06\/07 al 14\/07)<\/p>\n<p>El plan ideal para viajar en familia durante el receso escolar y disfrutar del nordeste brasile\u00f1o en Macei\u00f3, con playas de aguas c\u00e1lidas y propuestas para grandes y chicos.<\/p>\n<p>Especial Family Plan \u2013 pensado para 2 adultos y 2 menores<\/p>\n<p>El programa incluye:<br \/>\nA\u00e9reo desde Buenos Aires con Gol Linhas A\u00e9reas (incluye mochila + carry on)<br \/>\n8 noches de alojamiento<br \/>\nMatsubara Acqua Park Hotel<br \/>\nR\u00e9gimen desayuno<br \/>\nTraslados in \/ out<br \/>\nUn hotel con parque acu\u00e1tico propio, ideal para que los chicos disfruten todo el d\u00eda mientras los adultos descansan.<\/p>\n<p>Tarifa Family Plan (2 adultos + 2 menores): desde USD 910 por persona | CONSULTANOS POR OPCIONES DE FINANCIACI\u00d3N<\/p>\n<p>Tarifa sujeta a disponibilidad al momento de la reserva.<\/p>\n","protected":false},"featured_media":5211,"comment_status":"open","ping_status":"closed","template":"","meta":{"_promoted":"","_featured":0},"job-types":[345],"job_listing_tag":[],"yoast_head":"<!-- This site is optimized with the Yoast SEO plugin v24.0 - https:\/\/yoast.com\/wordpress\/plugins\/seo\/ -->\n<title>MACEI\u00d3 INVIERNO - Wheel Travel<\/title>\n<meta name=\"robots\" content=\"index, follow, max-snippet:-1, max-image-preview:large, max-video-preview:-1\" \/>\n<link rel=\"canonical\" href=\"https:\/\/wheeltravel.com.ar\/index.php\/trabajo\/maceio-invierno\/\" \/>\n<meta property=\"og:locale\" content=\"es_ES\" \/>\n<meta property=\"og:type\" content=\"article\" \/>\n<meta property=\"og:title\" content=\"MACEI\u00d3 INVIERNO - Wheel Travel\" \/>\n<meta property=\"og:description\" content=\"MACEI\u00d3 \u2013 VACACIONES DE INVIERNO (06\/07 al 14\/07) El plan ideal para viajar en familia durante el receso escolar y disfrutar del nordeste brasile\u00f1o en Macei\u00f3, con playas de aguas c\u00e1lidas y propuestas para grandes y chicos. Especial Family Plan \u2013 pensado para 2 adultos y 2 menores El programa incluye: A\u00e9reo desde Buenos Aires [&hellip;]\" \/>\n<meta property=\"og:url\" content=\"https:\/\/wheeltravel.com.ar\/index.php\/trabajo\/maceio-invierno\/\" \/>\n<meta property=\"og:site_name\" content=\"Wheel Travel\" \/>\n<meta property=\"og:image\" content=\"https:\/\/wheeltravel.com.ar\/wp-content\/uploads\/job-manager-uploads\/job_cover_image\/2026\/02\/1-10-1024x922.png\" \/>\n\t<meta property=\"og:image:width\" content=\"1024\" \/>\n\t<meta property=\"og:image:height\" content=\"922\" \/>\n\t<meta property=\"og:image:type\" content=\"image\/png\" \/>\n<meta name=\"twitter:card\" content=\"summary_large_image\" \/>\n<meta name=\"twitter:label1\" content=\"Tiempo de lectura\" \/>\n\t<meta name=\"twitter:data1\" content=\"1 minuto\" \/>\n<script type=\"application\/ld+json\" class=\"yoast-schema-graph\">{\"@context\":\"https:\/\/schema.org\",\"@graph\":[{\"@type\":\"WebPage\",\"@id\":\"https:\/\/wheeltravel.com.ar\/index.php\/trabajo\/maceio-invierno\/\",\"url\":\"https:\/\/wheeltravel.com.ar\/index.php\/trabajo\/maceio-invierno\/\",\"name\":\"MACEI\u00d3 INVIERNO - Wheel Travel\",\"isPartOf\":{\"@id\":\"https:\/\/wheeltravel.com.ar\/#website\"},\"primaryImageOfPage\":{\"@id\":\"https:\/\/wheeltravel.com.ar\/index.php\/trabajo\/maceio-invierno\/#primaryimage\"},\"image\":{\"@id\":\"https:\/\/wheeltravel.com.ar\/index.php\/trabajo\/maceio-invierno\/#primaryimage\"},\"thumbnailUrl\":\"https:\/\/wheeltravel.com.ar\/wp-content\/uploads\/job-manager-uploads\/job_cover_image\/2026\/02\/1-10.png\",\"datePublished\":\"2026-02-25T11:57:32+00:00\",\"dateModified\":\"2026-02-25T11:57:32+00:00\",\"breadcrumb\":{\"@id\":\"https:\/\/wheeltravel.com.ar\/index.php\/trabajo\/maceio-invierno\/#breadcrumb\"},\"inLanguage\":\"es\",\"potentialAction\":[{\"@type\":\"ReadAction\",\"target\":[\"https:\/\/wheeltravel.com.ar\/index.php\/trabajo\/maceio-invierno\/\"]}]},{\"@type\":\"ImageObject\",\"inLanguage\":\"es\",\"@id\":\"https:\/\/wheeltravel.com.ar\/index.php\/trabajo\/maceio-invierno\/#primaryimage\",\"url\":\"https:\/\/wheeltravel.com.ar\/wp-content\/uploads\/job-manager-uploads\/job_cover_image\/2026\/02\/1-10.png\",\"contentUrl\":\"https:\/\/wheeltravel.com.ar\/wp-content\/uploads\/job-manager-uploads\/job_cover_image\/2026\/02\/1-10.png\",\"width\":1500,\"height\":1350},{\"@type\":\"BreadcrumbList\",\"@id\":\"https:\/\/wheeltravel.com.ar\/index.php\/trabajo\/maceio-invierno\/#breadcrumb\",\"itemListElement\":[{\"@type\":\"ListItem\",\"position\":1,\"name\":\"Portada\",\"item\":\"https:\/\/wheeltravel.com.ar\/\"},{\"@type\":\"ListItem\",\"position\":2,\"name\":\"Listados de\",\"item\":\"https:\/\/wheeltravel.com.ar\/index.php\/job-listings\/\"},{\"@type\":\"ListItem\",\"position\":3,\"name\":\"MACEI\u00d3 INVIERNO\"}]},{\"@type\":\"WebSite\",\"@id\":\"https:\/\/wheeltravel.com.ar\/#website\",\"url\":\"https:\/\/wheeltravel.com.ar\/\",\"name\":\"Wheel Travel\",\"description\":\"Mayorista de Viajes\",\"potentialAction\":[{\"@type\":\"SearchAction\",\"target\":{\"@type\":\"EntryPoint\",\"urlTemplate\":\"https:\/\/wheeltravel.com.ar\/?s={search_term_string}\"},\"query-input\":{\"@type\":\"PropertyValueSpecification\",\"valueRequired\":true,\"valueName\":\"search_term_string\"}}],\"inLanguage\":\"es\"}]}<\/script>\n<!-- \/ Yoast SEO plugin. -->","yoast_head_json":{"title":"MACEI\u00d3 INVIERNO - Wheel Travel","robots":{"index":"index","follow":"follow","max-snippet":"max-snippet:-1","max-image-preview":"max-image-preview:large","max-video-preview":"max-video-preview:-1"},"canonical":"https:\/\/wheeltravel.com.ar\/index.php\/trabajo\/maceio-invierno\/","og_locale":"es_ES","og_type":"article","og_title":"MACEI\u00d3 INVIERNO - Wheel Travel","og_description":"MACEI\u00d3 \u2013 VACACIONES DE INVIERNO (06\/07 al 14\/07) El plan ideal para viajar en familia durante el receso escolar y disfrutar del nordeste brasile\u00f1o en Macei\u00f3, con playas de aguas c\u00e1lidas y propuestas para grandes y chicos. Especial Family Plan \u2013 pensado para 2 adultos y 2 menores El programa incluye: A\u00e9reo desde Buenos Aires [&hellip;]","og_url":"https:\/\/wheeltravel.com.ar\/index.php\/trabajo\/maceio-invierno\/","og_site_name":"Wheel Travel","og_image":[{"width":1024,"height":922,"url":"https:\/\/wheeltravel.com.ar\/wp-content\/uploads\/job-manager-uploads\/job_cover_image\/2026\/02\/1-10-1024x922.png","type":"image\/png"}],"twitter_card":"summary_large_image","twitter_misc":{"Tiempo de lectura":"1 minuto"},"schema":{"@context":"https:\/\/schema.org","@graph":[{"@type":"WebPage","@id":"https:\/\/wheeltravel.com.ar\/index.php\/trabajo\/maceio-invierno\/","url":"https:\/\/wheeltravel.com.ar\/index.php\/trabajo\/maceio-invierno\/","name":"MACEI\u00d3 INVIERNO - Wheel Travel","isPartOf":{"@id":"https:\/\/wheeltravel.com.ar\/#website"},"primaryImageOfPage":{"@id":"https:\/\/wheeltravel.com.ar\/index.php\/trabajo\/maceio-invierno\/#primaryimage"},"image":{"@id":"https:\/\/wheeltravel.com.ar\/index.php\/trabajo\/maceio-invierno\/#primaryimage"},"thumbnailUrl":"https:\/\/wheeltravel.com.ar\/wp-content\/uploads\/job-manager-uploads\/job_cover_image\/2026\/02\/1-10.png","datePublished":"2026-02-25T11:57:32+00:00","dateModified":"2026-02-25T11:57:32+00:00","breadcrumb":{"@id":"https:\/\/wheeltravel.com.ar\/index.php\/trabajo\/maceio-invierno\/#breadcrumb"},"inLanguage":"es","potentialAction":[{"@type":"ReadAction","target":["https:\/\/wheeltravel.com.ar\/index.php\/trabajo\/maceio-invierno\/"]}]},{"@type":"ImageObject","inLanguage":"es","@id":"https:\/\/wheeltravel.com.ar\/index.php\/trabajo\/maceio-invierno\/#primaryimage","url":"https:\/\/wheeltravel.com.ar\/wp-content\/uploads\/job-manager-uploads\/job_cover_image\/2026\/02\/1-10.png","contentUrl":"https:\/\/wheeltravel.com.ar\/wp-content\/uploads\/job-manager-uploads\/job_cover_image\/2026\/02\/1-10.png","width":1500,"height":1350},{"@type":"BreadcrumbList","@id":"https:\/\/wheeltravel.com.ar\/index.php\/trabajo\/maceio-invierno\/#breadcrumb","itemListElement":[{"@type":"ListItem","position":1,"name":"Portada","item":"https:\/\/wheeltravel.com.ar\/"},{"@type":"ListItem","position":2,"name":"Listados de","item":"https:\/\/wheeltravel.com.ar\/index.php\/job-listings\/"},{"@type":"ListItem","position":3,"name":"MACEI\u00d3 INVIERNO"}]},{"@type":"WebSite","@id":"https:\/\/wheeltravel.com.ar\/#website","url":"https:\/\/wheeltravel.com.ar\/","name":"Wheel Travel","description":"Mayorista de Viajes","potentialAction":[{"@type":"SearchAction","target":{"@type":"EntryPoint","urlTemplate":"https:\/\/wheeltravel.com.ar\/?s={search_term_string}"},"query-input":{"@type":"PropertyValueSpecification","valueRequired":true,"valueName":"search_term_string"}}],"inLanguage":"es"}]}},"_links":{"self":[{"href":"https:\/\/wheeltravel.com.ar\/index.php\/wp-json\/wp\/v2\/job-listings\/5210"}],"collection":[{"href":"https:\/\/wheeltravel.com.ar\/index.php\/wp-json\/wp\/v2\/job-listings"}],"about":[{"href":"https:\/\/wheeltravel.com.ar\/index.php\/wp-json\/wp\/v2\/types\/job_listing"}],"replies":[{"embeddable":true,"href":"https:\/\/wheeltravel.com.ar\/index.php\/wp-json\/wp\/v2\/comments?post=5210"}],"wp:featuredmedia":[{"embeddable":true,"href":"https:\/\/wheeltravel.com.ar\/index.php\/wp-json\/wp\/v2\/media\/5211"}],"wp:attachment":[{"href":"https:\/\/wheeltravel.com.ar\/index.php\/wp-json\/wp\/v2\/media?parent=5210"}],"wp:term":[{"taxonomy":"job_listing_type","embeddable":true,"href":"https:\/\/wheeltravel.com.ar\/index.php\/wp-json\/wp\/v2\/job-types?post=5210"},{"taxonomy":"job_listing_tag","embeddable":true,"href":"https:\/\/wheeltravel.com.ar\/index.php\/wp-json\/wp\/v2\/job_listing_tag?post=5210"}],"curies":[{"name":"wp","href":"https:\/\/api.w.org\/{rel}","templated":true}]}}

MACEIÓ INVIERNO

<p>MACEIÓ – VACACIONES DE INVIERNO (06/07 al 14/07)</p>
<p>El plan ideal para viajar en familia durante el receso escolar y disfrutar del nordeste brasileño en Maceió, con playas de aguas cálidas y propuestas para grandes y chicos.</p>
<p>Especial Family Plan – pensado para 2 adultos y 2 menores</p>
<p>El programa incluye:<br />
Aéreo desde Buenos Aires con Gol Linhas Aéreas (incluye mochila + carry on)<br />
8 noches de alojamiento<br />
Matsubara Acqua Park Hotel<br />
Régimen desayuno<br />
Traslados in / out<br />
Un hotel con parque acuático propio, ideal para que los chicos disfruten todo el día mientras los adultos descansan.</p>
<p>Tarifa Family Plan (2 adultos + 2 menores): desde USD 910 por persona | CONSULTANOS POR OPCIONES DE FINANCIACIÓN</p>
<p>Tarifa sujeta a disponibilidad al momento de la reserva.</p>

<!-- This site is optimized with the Yoast SEO plugin v24.0 - https://yoast.com/wordpress/plugins/seo/ -->
<title>MACEIÓ INVIERNO - Wheel Travel</title>
<meta name="robots" content="index, follow, max-snippet:-1, max-image-preview:large, max-video-preview:-1" />
<link rel="canonical" href="https://wheeltravel.com.ar/index.php/trabajo/maceio-invierno/" />
<meta property="og:locale" content="es_ES" />
<meta property="og:type" content="article" />
<meta property="og:title" content="MACEIÓ INVIERNO - Wheel Travel" />
<meta property="og:description" content="MACEIÓ – VACACIONES DE INVIERNO (06/07 al 14/07) El plan ideal para viajar en familia durante el receso escolar y disfrutar del nordeste brasileño en Maceió, con playas de aguas cálidas y propuestas para grandes y chicos. Especial Family Plan – pensado para 2 adultos y 2 menores El programa incluye: Aéreo desde Buenos Aires [&hellip;]" />
<meta property="og:url" content="https://wheeltravel.com.ar/index.php/trabajo/maceio-invierno/" />
<meta property="og:site_name" content="Wheel Travel" />
<meta property="og:image" content="https://wheeltravel.com.ar/wp-content/uploads/job-manager-uploads/job_cover_image/2026/02/1-10-1024x922.png" />
	<meta property="og:image:width" content="1024" />
	<meta property="og:image:height" content="922" />
	<meta property="og:image:type" content="image/png" />
<meta name="twitter:card" content="summary_large_image" />
<meta name="twitter:label1" content="Tiempo de lectura" />
	<meta name="twitter:data1" content="1 minuto" />
<script type="application/ld+json" class="yoast-schema-graph">{"@context":"https://schema.org","@graph":[{"@type":"WebPage","@id":"https://wheeltravel.com.ar/index.php/trabajo/maceio-invierno/","url":"https://wheeltravel.com.ar/index.php/trabajo/maceio-invierno/","name":"MACEIÓ INVIERNO - Wheel Travel","isPartOf":{"@id":"https://wheeltravel.com.ar/#website"},"primaryImageOfPage":{"@id":"https://wheeltravel.com.ar/index.php/trabajo/maceio-invierno/#primaryimage"},"image":{"@id":"https://wheeltravel.com.ar/index.php/trabajo/maceio-invierno/#primaryimage"},"thumbnailUrl":"https://wheeltravel.com.ar/wp-content/uploads/job-manager-uploads/job_cover_image/2026/02/1-10.png","datePublished":"2026-02-25T11:57:32+00:00","dateModified":"2026-02-25T11:57:32+00:00","breadcrumb":{"@id":"https://wheeltravel.com.ar/index.php/trabajo/maceio-invierno/#breadcrumb"},"inLanguage":"es","potentialAction":[{"@type":"ReadAction","target":["https://wheeltravel.com.ar/index.php/trabajo/maceio-invierno/"]}]},{"@type":"ImageObject","inLanguage":"es","@id":"https://wheeltravel.com.ar/index.php/trabajo/maceio-invierno/#primaryimage","url":"https://wheeltravel.com.ar/wp-content/uploads/job-manager-uploads/job_cover_image/2026/02/1-10.png","contentUrl":"https://wheeltravel.com.ar/wp-content/uploads/job-manager-uploads/job_cover_image/2026/02/1-10.png","width":1500,"height":1350},{"@type":"BreadcrumbList","@id":"https://wheeltravel.com.ar/index.php/trabajo/maceio-invierno/#breadcrumb","itemListElement":[{"@type":"ListItem","position":1,"name":"Portada","item":"https://wheeltravel.com.ar/"},{"@type":"ListItem","position":2,"name":"Listados de","item":"https://wheeltravel.com.ar/index.php/job-listings/"},{"@type":"ListItem","position":3,"name":"MACEIÓ INVIERNO"}]},{"@type":"WebSite","@id":"https://wheeltravel.com.ar/#website","url":"https://wheeltravel.com.ar/","name":"Wheel Travel","description":"Mayorista de Viajes","potentialAction":[{"@type":"SearchAction","target":{"@type":"EntryPoint","urlTemplate":"https://wheeltravel.com.ar/?s={search_term_string}"},"query-input":{"@type":"PropertyValueSpecification","valueRequired":true,"valueName":"search_term_string"}}],"inLanguage":"es"}]}</script>
<!-- / Yoast SEO plugin. -->

MACEIÓ INVIERNO - Wheel Travel

MACEIÓ – VACACIONES DE INVIERNO (06/07 al 14/07) El plan ideal para viajar en familia durante el receso escolar y disfrutar del nordeste brasileño en Maceió, con playas de aguas cálidas y propuestas para grandes y chicos. Especial Family Plan – pensado para 2 adultos y 2 menores El programa incluye: Aéreo desde Buenos Aires [&hellip;]
