{"id":5175,"date":"2026-02-24T17:36:17","date_gmt":"2026-02-24T20:36:17","guid":{"rendered":"https:\/\/wheeltravel.com.ar\/?post_type=job_listing&#038;p=5175"},"modified":"2026-02-24T17:36:17","modified_gmt":"2026-02-24T20:36:17","slug":"amanecer-en-machu-picchu","status":"publish","type":"job_listing","link":"https:\/\/wheeltravel.com.ar\/index.php\/trabajo\/amanecer-en-machu-picchu\/","title":{"rendered":"AMANECER EN MACHU PICCHU"},"content":{"rendered":"<p>NUEVO AMANECER EN MACHU PICCHU \u2013 PER\u00da<br \/>\nDel 11 al 17 de mayo<br \/>\n6 noches \/ 7 d\u00edas \u2013 Salidas diarias<\/p>\n<p>Un recorrido fascinante por los tesoros culturales y naturales del Per\u00fa: la energ\u00eda hist\u00f3rica de Lima, la tradici\u00f3n andina de Cusco, los paisajes del Valle Sagrado y la experiencia \u00fanica de conocer Machu Picchu, una de las maravillas del mundo moderno.<\/p>\n<p>El programa incluye:<br \/>\n6 noches de alojamiento<br \/>\nR\u00e9gimen desayuno<br \/>\nVisitas y entradas a los sitios tur\u00edsticos<br \/>\nExcursiones con gu\u00eda biling\u00fce<br \/>\nTodos los traslados<\/p>\n<p>\u00a1CONSULTANOS POR TU A\u00c9REO!<\/p>\n<p>Tarifa por persona en base doble: desde USD 1.425 | CONSULTANOS POR OPCIONES DE FINANCIACI\u00d3N<\/p>\n<p>Tarifa sujeta a disponibilidad al momento de la reserva.<\/p>\n","protected":false},"featured_media":5176,"comment_status":"open","ping_status":"closed","template":"","meta":{"_promoted":"","_featured":0},"job-types":[357],"job_listing_tag":[],"yoast_head":"<!-- This site is optimized with the Yoast SEO plugin v24.0 - https:\/\/yoast.com\/wordpress\/plugins\/seo\/ -->\n<title>AMANECER EN MACHU PICCHU - Wheel Travel<\/title>\n<meta name=\"robots\" content=\"index, follow, max-snippet:-1, max-image-preview:large, max-video-preview:-1\" \/>\n<link rel=\"canonical\" href=\"https:\/\/wheeltravel.com.ar\/index.php\/trabajo\/amanecer-en-machu-picchu\/\" \/>\n<meta property=\"og:locale\" content=\"es_ES\" \/>\n<meta property=\"og:type\" content=\"article\" \/>\n<meta property=\"og:title\" content=\"AMANECER EN MACHU PICCHU - Wheel Travel\" \/>\n<meta property=\"og:description\" content=\"NUEVO AMANECER EN MACHU PICCHU \u2013 PER\u00da Del 11 al 17 de mayo 6 noches \/ 7 d\u00edas \u2013 Salidas diarias Un recorrido fascinante por los tesoros culturales y naturales del Per\u00fa: la energ\u00eda hist\u00f3rica de Lima, la tradici\u00f3n andina de Cusco, los paisajes del Valle Sagrado y la experiencia \u00fanica de conocer Machu Picchu, [&hellip;]\" \/>\n<meta property=\"og:url\" content=\"https:\/\/wheeltravel.com.ar\/index.php\/trabajo\/amanecer-en-machu-picchu\/\" \/>\n<meta property=\"og:site_name\" content=\"Wheel Travel\" \/>\n<meta property=\"og:image\" content=\"https:\/\/wheeltravel.com.ar\/wp-content\/uploads\/job-manager-uploads\/job_cover_image\/2026\/02\/1-4-1024x922.png\" \/>\n\t<meta property=\"og:image:width\" content=\"1024\" \/>\n\t<meta property=\"og:image:height\" content=\"922\" \/>\n\t<meta property=\"og:image:type\" content=\"image\/png\" \/>\n<meta name=\"twitter:card\" content=\"summary_large_image\" \/>\n<meta name=\"twitter:label1\" content=\"Tiempo de lectura\" \/>\n\t<meta name=\"twitter:data1\" content=\"1 minuto\" \/>\n<script type=\"application\/ld+json\" class=\"yoast-schema-graph\">{\"@context\":\"https:\/\/schema.org\",\"@graph\":[{\"@type\":\"WebPage\",\"@id\":\"https:\/\/wheeltravel.com.ar\/index.php\/trabajo\/amanecer-en-machu-picchu\/\",\"url\":\"https:\/\/wheeltravel.com.ar\/index.php\/trabajo\/amanecer-en-machu-picchu\/\",\"name\":\"AMANECER EN MACHU PICCHU - Wheel Travel\",\"isPartOf\":{\"@id\":\"https:\/\/wheeltravel.com.ar\/#website\"},\"primaryImageOfPage\":{\"@id\":\"https:\/\/wheeltravel.com.ar\/index.php\/trabajo\/amanecer-en-machu-picchu\/#primaryimage\"},\"image\":{\"@id\":\"https:\/\/wheeltravel.com.ar\/index.php\/trabajo\/amanecer-en-machu-picchu\/#primaryimage\"},\"thumbnailUrl\":\"https:\/\/wheeltravel.com.ar\/wp-content\/uploads\/job-manager-uploads\/job_cover_image\/2026\/02\/1-4.png\",\"datePublished\":\"2026-02-24T20:36:17+00:00\",\"dateModified\":\"2026-02-24T20:36:17+00:00\",\"breadcrumb\":{\"@id\":\"https:\/\/wheeltravel.com.ar\/index.php\/trabajo\/amanecer-en-machu-picchu\/#breadcrumb\"},\"inLanguage\":\"es\",\"potentialAction\":[{\"@type\":\"ReadAction\",\"target\":[\"https:\/\/wheeltravel.com.ar\/index.php\/trabajo\/amanecer-en-machu-picchu\/\"]}]},{\"@type\":\"ImageObject\",\"inLanguage\":\"es\",\"@id\":\"https:\/\/wheeltravel.com.ar\/index.php\/trabajo\/amanecer-en-machu-picchu\/#primaryimage\",\"url\":\"https:\/\/wheeltravel.com.ar\/wp-content\/uploads\/job-manager-uploads\/job_cover_image\/2026\/02\/1-4.png\",\"contentUrl\":\"https:\/\/wheeltravel.com.ar\/wp-content\/uploads\/job-manager-uploads\/job_cover_image\/2026\/02\/1-4.png\",\"width\":1500,\"height\":1350},{\"@type\":\"BreadcrumbList\",\"@id\":\"https:\/\/wheeltravel.com.ar\/index.php\/trabajo\/amanecer-en-machu-picchu\/#breadcrumb\",\"itemListElement\":[{\"@type\":\"ListItem\",\"position\":1,\"name\":\"Portada\",\"item\":\"https:\/\/wheeltravel.com.ar\/\"},{\"@type\":\"ListItem\",\"position\":2,\"name\":\"Listados de\",\"item\":\"https:\/\/wheeltravel.com.ar\/index.php\/job-listings\/\"},{\"@type\":\"ListItem\",\"position\":3,\"name\":\"AMANECER EN MACHU PICCHU\"}]},{\"@type\":\"WebSite\",\"@id\":\"https:\/\/wheeltravel.com.ar\/#website\",\"url\":\"https:\/\/wheeltravel.com.ar\/\",\"name\":\"Wheel Travel\",\"description\":\"Mayorista de Viajes\",\"potentialAction\":[{\"@type\":\"SearchAction\",\"target\":{\"@type\":\"EntryPoint\",\"urlTemplate\":\"https:\/\/wheeltravel.com.ar\/?s={search_term_string}\"},\"query-input\":{\"@type\":\"PropertyValueSpecification\",\"valueRequired\":true,\"valueName\":\"search_term_string\"}}],\"inLanguage\":\"es\"}]}<\/script>\n<!-- \/ Yoast SEO plugin. -->","yoast_head_json":{"title":"AMANECER EN MACHU PICCHU - Wheel Travel","robots":{"index":"index","follow":"follow","max-snippet":"max-snippet:-1","max-image-preview":"max-image-preview:large","max-video-preview":"max-video-preview:-1"},"canonical":"https:\/\/wheeltravel.com.ar\/index.php\/trabajo\/amanecer-en-machu-picchu\/","og_locale":"es_ES","og_type":"article","og_title":"AMANECER EN MACHU PICCHU - Wheel Travel","og_description":"NUEVO AMANECER EN MACHU PICCHU \u2013 PER\u00da Del 11 al 17 de mayo 6 noches \/ 7 d\u00edas \u2013 Salidas diarias Un recorrido fascinante por los tesoros culturales y naturales del Per\u00fa: la energ\u00eda hist\u00f3rica de Lima, la tradici\u00f3n andina de Cusco, los paisajes del Valle Sagrado y la experiencia \u00fanica de conocer Machu Picchu, [&hellip;]","og_url":"https:\/\/wheeltravel.com.ar\/index.php\/trabajo\/amanecer-en-machu-picchu\/","og_site_name":"Wheel Travel","og_image":[{"width":1024,"height":922,"url":"https:\/\/wheeltravel.com.ar\/wp-content\/uploads\/job-manager-uploads\/job_cover_image\/2026\/02\/1-4-1024x922.png","type":"image\/png"}],"twitter_card":"summary_large_image","twitter_misc":{"Tiempo de lectura":"1 minuto"},"schema":{"@context":"https:\/\/schema.org","@graph":[{"@type":"WebPage","@id":"https:\/\/wheeltravel.com.ar\/index.php\/trabajo\/amanecer-en-machu-picchu\/","url":"https:\/\/wheeltravel.com.ar\/index.php\/trabajo\/amanecer-en-machu-picchu\/","name":"AMANECER EN MACHU PICCHU - Wheel Travel","isPartOf":{"@id":"https:\/\/wheeltravel.com.ar\/#website"},"primaryImageOfPage":{"@id":"https:\/\/wheeltravel.com.ar\/index.php\/trabajo\/amanecer-en-machu-picchu\/#primaryimage"},"image":{"@id":"https:\/\/wheeltravel.com.ar\/index.php\/trabajo\/amanecer-en-machu-picchu\/#primaryimage"},"thumbnailUrl":"https:\/\/wheeltravel.com.ar\/wp-content\/uploads\/job-manager-uploads\/job_cover_image\/2026\/02\/1-4.png","datePublished":"2026-02-24T20:36:17+00:00","dateModified":"2026-02-24T20:36:17+00:00","breadcrumb":{"@id":"https:\/\/wheeltravel.com.ar\/index.php\/trabajo\/amanecer-en-machu-picchu\/#breadcrumb"},"inLanguage":"es","potentialAction":[{"@type":"ReadAction","target":["https:\/\/wheeltravel.com.ar\/index.php\/trabajo\/amanecer-en-machu-picchu\/"]}]},{"@type":"ImageObject","inLanguage":"es","@id":"https:\/\/wheeltravel.com.ar\/index.php\/trabajo\/amanecer-en-machu-picchu\/#primaryimage","url":"https:\/\/wheeltravel.com.ar\/wp-content\/uploads\/job-manager-uploads\/job_cover_image\/2026\/02\/1-4.png","contentUrl":"https:\/\/wheeltravel.com.ar\/wp-content\/uploads\/job-manager-uploads\/job_cover_image\/2026\/02\/1-4.png","width":1500,"height":1350},{"@type":"BreadcrumbList","@id":"https:\/\/wheeltravel.com.ar\/index.php\/trabajo\/amanecer-en-machu-picchu\/#breadcrumb","itemListElement":[{"@type":"ListItem","position":1,"name":"Portada","item":"https:\/\/wheeltravel.com.ar\/"},{"@type":"ListItem","position":2,"name":"Listados de","item":"https:\/\/wheeltravel.com.ar\/index.php\/job-listings\/"},{"@type":"ListItem","position":3,"name":"AMANECER EN MACHU PICCHU"}]},{"@type":"WebSite","@id":"https:\/\/wheeltravel.com.ar\/#website","url":"https:\/\/wheeltravel.com.ar\/","name":"Wheel Travel","description":"Mayorista de Viajes","potentialAction":[{"@type":"SearchAction","target":{"@type":"EntryPoint","urlTemplate":"https:\/\/wheeltravel.com.ar\/?s={search_term_string}"},"query-input":{"@type":"PropertyValueSpecification","valueRequired":true,"valueName":"search_term_string"}}],"inLanguage":"es"}]}},"_links":{"self":[{"href":"https:\/\/wheeltravel.com.ar\/index.php\/wp-json\/wp\/v2\/job-listings\/5175"}],"collection":[{"href":"https:\/\/wheeltravel.com.ar\/index.php\/wp-json\/wp\/v2\/job-listings"}],"about":[{"href":"https:\/\/wheeltravel.com.ar\/index.php\/wp-json\/wp\/v2\/types\/job_listing"}],"replies":[{"embeddable":true,"href":"https:\/\/wheeltravel.com.ar\/index.php\/wp-json\/wp\/v2\/comments?post=5175"}],"wp:featuredmedia":[{"embeddable":true,"href":"https:\/\/wheeltravel.com.ar\/index.php\/wp-json\/wp\/v2\/media\/5176"}],"wp:attachment":[{"href":"https:\/\/wheeltravel.com.ar\/index.php\/wp-json\/wp\/v2\/media?parent=5175"}],"wp:term":[{"taxonomy":"job_listing_type","embeddable":true,"href":"https:\/\/wheeltravel.com.ar\/index.php\/wp-json\/wp\/v2\/job-types?post=5175"},{"taxonomy":"job_listing_tag","embeddable":true,"href":"https:\/\/wheeltravel.com.ar\/index.php\/wp-json\/wp\/v2\/job_listing_tag?post=5175"}],"curies":[{"name":"wp","href":"https:\/\/api.w.org\/{rel}","templated":true}]}}

<p>NUEVO AMANECER EN MACHU PICCHU – PERÚ<br />
Del 11 al 17 de mayo<br />
6 noches / 7 días – Salidas diarias</p>
<p>Un recorrido fascinante por los tesoros culturales y naturales del Perú: la energía histórica de Lima, la tradición andina de Cusco, los paisajes del Valle Sagrado y la experiencia única de conocer Machu Picchu, una de las maravillas del mundo moderno.</p>
<p>El programa incluye:<br />
6 noches de alojamiento<br />
Régimen desayuno<br />
Visitas y entradas a los sitios turísticos<br />
Excursiones con guía bilingüe<br />
Todos los traslados</p>
<p>¡CONSULTANOS POR TU AÉREO!</p>
<p>Tarifa por persona en base doble: desde USD 1.425 | CONSULTANOS POR OPCIONES DE FINANCIACIÓN</p>
<p>Tarifa sujeta a disponibilidad al momento de la reserva.</p>

<!-- This site is optimized with the Yoast SEO plugin v24.0 - https://yoast.com/wordpress/plugins/seo/ -->
<title>AMANECER EN MACHU PICCHU - Wheel Travel</title>
<meta name="robots" content="index, follow, max-snippet:-1, max-image-preview:large, max-video-preview:-1" />
<link rel="canonical" href="https://wheeltravel.com.ar/index.php/trabajo/amanecer-en-machu-picchu/" />
<meta property="og:locale" content="es_ES" />
<meta property="og:type" content="article" />
<meta property="og:title" content="AMANECER EN MACHU PICCHU - Wheel Travel" />
<meta property="og:description" content="NUEVO AMANECER EN MACHU PICCHU – PERÚ Del 11 al 17 de mayo 6 noches / 7 días – Salidas diarias Un recorrido fascinante por los tesoros culturales y naturales del Perú: la energía histórica de Lima, la tradición andina de Cusco, los paisajes del Valle Sagrado y la experiencia única de conocer Machu Picchu, [&hellip;]" />
<meta property="og:url" content="https://wheeltravel.com.ar/index.php/trabajo/amanecer-en-machu-picchu/" />
<meta property="og:site_name" content="Wheel Travel" />
<meta property="og:image" content="https://wheeltravel.com.ar/wp-content/uploads/job-manager-uploads/job_cover_image/2026/02/1-4-1024x922.png" />
	<meta property="og:image:width" content="1024" />
	<meta property="og:image:height" content="922" />
	<meta property="og:image:type" content="image/png" />
<meta name="twitter:card" content="summary_large_image" />
<meta name="twitter:label1" content="Tiempo de lectura" />
	<meta name="twitter:data1" content="1 minuto" />
<script type="application/ld+json" class="yoast-schema-graph">{"@context":"https://schema.org","@graph":[{"@type":"WebPage","@id":"https://wheeltravel.com.ar/index.php/trabajo/amanecer-en-machu-picchu/","url":"https://wheeltravel.com.ar/index.php/trabajo/amanecer-en-machu-picchu/","name":"AMANECER EN MACHU PICCHU - Wheel Travel","isPartOf":{"@id":"https://wheeltravel.com.ar/#website"},"primaryImageOfPage":{"@id":"https://wheeltravel.com.ar/index.php/trabajo/amanecer-en-machu-picchu/#primaryimage"},"image":{"@id":"https://wheeltravel.com.ar/index.php/trabajo/amanecer-en-machu-picchu/#primaryimage"},"thumbnailUrl":"https://wheeltravel.com.ar/wp-content/uploads/job-manager-uploads/job_cover_image/2026/02/1-4.png","datePublished":"2026-02-24T20:36:17+00:00","dateModified":"2026-02-24T20:36:17+00:00","breadcrumb":{"@id":"https://wheeltravel.com.ar/index.php/trabajo/amanecer-en-machu-picchu/#breadcrumb"},"inLanguage":"es","potentialAction":[{"@type":"ReadAction","target":["https://wheeltravel.com.ar/index.php/trabajo/amanecer-en-machu-picchu/"]}]},{"@type":"ImageObject","inLanguage":"es","@id":"https://wheeltravel.com.ar/index.php/trabajo/amanecer-en-machu-picchu/#primaryimage","url":"https://wheeltravel.com.ar/wp-content/uploads/job-manager-uploads/job_cover_image/2026/02/1-4.png","contentUrl":"https://wheeltravel.com.ar/wp-content/uploads/job-manager-uploads/job_cover_image/2026/02/1-4.png","width":1500,"height":1350},{"@type":"BreadcrumbList","@id":"https://wheeltravel.com.ar/index.php/trabajo/amanecer-en-machu-picchu/#breadcrumb","itemListElement":[{"@type":"ListItem","position":1,"name":"Portada","item":"https://wheeltravel.com.ar/"},{"@type":"ListItem","position":2,"name":"Listados de","item":"https://wheeltravel.com.ar/index.php/job-listings/"},{"@type":"ListItem","position":3,"name":"AMANECER EN MACHU PICCHU"}]},{"@type":"WebSite","@id":"https://wheeltravel.com.ar/#website","url":"https://wheeltravel.com.ar/","name":"Wheel Travel","description":"Mayorista de Viajes","potentialAction":[{"@type":"SearchAction","target":{"@type":"EntryPoint","urlTemplate":"https://wheeltravel.com.ar/?s={search_term_string}"},"query-input":{"@type":"PropertyValueSpecification","valueRequired":true,"valueName":"search_term_string"}}],"inLanguage":"es"}]}</script>
<!-- / Yoast SEO plugin. -->

NUEVO AMANECER EN MACHU PICCHU – PERÚ Del 11 al 17 de mayo 6 noches / 7 días – Salidas diarias Un recorrido fascinante por los tesoros culturales y naturales del Perú: la energía histórica de Lima, la tradición andina de Cusco, los paisajes del Valle Sagrado y la experiencia única de conocer Machu Picchu, [&hellip;]
